
What is the remainder when 2035 is divided by 23?
11
Calculate the remainder when 255287 is divided by 35.
32
Calculate the remainder when 39842 is divided by 782.
742
Calculate the remainder when 9462 is divided by 1052.
1046
What is the remainder when 25379 is divided by 45?
44
Calculate the remainder when 1209 is divided by 415.
379
Calculate the remainder when 207 is divided by 178.
29
Calculate the remainder when 62489 is divided by 1179.
2
What is the remainder when 6767 is divided by 563?
11
What is the remainder when 11210 is divided by 29?
16
What is the remainder when 27519 is divided by 9162?
33
What is the remainder when 7300 is divided by 6259?
1041
Calculate the remainder when 51315 is divided by 6.
3
What is the remainder when 85195 is divided by 1014?
19
Calculate the remainder when 21851 is divided by 560.
11
What is the remainder when 285116 is divided by 339?
17
Calculate the remainder when 70371 is divided by 154.
147
Calculate the remainder when 2001 is divided by 359.
206
Calculate the remainder when 3547 is divided by 176.
27
What is the remainder when 5002 is divided by 100?
2
What is the remainder when 5757 is divided by 715?
37
What is the remainder when 923831 is divided by 16?
7
What is the remainder when 4046 is divided by 114?
56
Calculate the remainder when 444225 is divided by 3219.
3
What is the remainder when 1379 is divided by 177?
140
What is the remainder when 2017 is divided by 662?
31
Calculate the remainder when 10640 is divided by 63.
56
What is the remainder when 1327 is divided by 655?
17
Calculate the remainder when 23715 is divided by 153.
0
Calculate the remainder when 42941 is divided by 32.
29
What is the remainder when 19455 is divided by 46?
43
Calculate the remainder when 393 is divided by 136.
121
What is the remainder when 8822 is divided by 181?
134
What is the remainder when 10231 is divided by 58?
23
What is the remainder when 5993 is divided by 2991?
11
Calculate the remainder when 261588 is divided by 185.
183
Calculate the remainder when 6505 is divided by 913.
114
What is the remainder when 8293 is divided by 471?
286
Calculate the remainder when 1098 is divided by 205.
73
What is the remainder when 8755 is divided by 9?
7
What is the remainder when 5457 is divided by 264?
177
Calculate the remainder when 2608 is divided by 1956.
652
Calculate the remainder when 140011 is divided by 35.
11
What is the remainder when 5848 is divided by 399?
262
What is the remainder when 67975 is divided by 16992?
7
Calculate the remainder when 2629 is divided by 86.
49
Calculate the remainder when 26156 is divided by 1867.
18
What is the remainder when 6797 is divided by 478?
105
Calculate the remainder when 209117 is divided by 91.
90
Calculate the remainder when 91195 is divided by 40.
35
Calculate the remainder when 318 is divided by 103.
9
Calculate the remainder when 1133 is divided by 246.
149
Calculate the remainder when 569 is divided by 270.
29
What is the remainder when 422912 is divided by 183?
182
Calculate the remainder when 49668 is divided by 8.
4
What is the remainder when 123300 is divided by 418?
408
Calculate the remainder when 681512 is divided by 1080.
32
What is the remainder when 1026 is divided by 140?
46
Calculate the remainder when 129901 is divided by 188.
181
What is the remainder when 35585 is divided by 5917?
83
Calculate the remainder when 457284 is divided by 334.
38
What is the remainder when 123018 is divided by 961?
10
Calculate the remainder when 2601 is divided by 1285.
31
What is the remainder when 12477 is divided by 696?
645
What is the remainder when 19072 is divided by 1193?
1177
Calculate the remainder when 3218 is divided by 1221.
776
What is the remainder when 14064 is divided by 777?
78
What is the remainder when 284205 is divided by 503?
10
Calculate the remainder when 4388 is divided by 128.
36
Calculate the remainder when 36374 is divided by 5950.
674
Calculate the remainder when 1146 is divided by 161.
19
Calculate the remainder when 4990 is divided by 52.
50
Calculate the remainder when 644942 is divided by 233.
231
What is the remainder when 7548 is divided by 1074?
30
What is the remainder when 6075 is divided by 52?
43
What is the remainder when 555 is divided by 47?
38
Calculate the remainder when 46307 is divided by 2434.
61
Calculate the remainder when 1822183 is divided by 89.
86
What is the remainder when 2155 is divided by 139?
70
What is the remainder when 12211 is divided by 211?
184
Calculate the remainder when 148490 is divided by 231.
188
What is the remainder when 67153 is divided by 13417?
68
Calculate the remainder when 177162 is divided by 38.
6
Calculate the remainder when 1340 is divided by 263.
25
What is the remainder when 393 is divided by 340?
53
What is the remainder when 235210 is divided by 117598?
14
Calculate the remainder when 54167 is divided by 7727.
78
What is the remainder when 152105 is divided by 9?
5
What is the remainder when 227390 is divided by 209?
207
Calculate the remainder when 566616 is divided by 31.
29
What is the remainder when 392019 is divided by 373?
369
Calculate the remainder when 20344 is divided by 495.
49
Calculate the remainder when 19465 is divided by 103.
101
What is the remainder when 1065 is divided by 341?
42
Calculate the remainder when 39561 is divided by 416.
41
Calculate the remainder when 2552 is divided by 212.
8
What is the remainder when 840731 is divided by 1118?
1113
Calculate the remainder when 268791 is divided by 21.
12
What is the remainder when 17299 is divided by 1164?
1003
Calculate the remainder when 9884 is divided by 1093.
47
Calculate the remainder when 8730 is divided by 161.
36
Calculate the remainder when 351 is divided by 90.
81
What is the remainder when 158957 is divided by 8?
5
What is the remainder when 11469 is divided by 11389?
80
Calculate the remainder when 2663 is divided by 1556.
1107
What is the remainder when 2885 is divided by 399?
92
What is the remainder when 953183 is divided by 48?
47
What is the remainder when 84926 is divided by 923?
10
Calculate the remainder when 180478 is divided by 16.
14
What is the remainder when 79157 is divided by 40?
37
Calculate the remainder when 303 is divided by 80.
63
What is the remainder when 9540 is divided by 16?
4
Calculate the remainder when 9305 is divided by 137.
126
What is the remainder when 937 is divided by 216?
73
Calculate the remainder when 30772 is divided by 338.
14
Calculate the remainder when 11383 is divided by 310.
223
Calculate the remainder when 122194 is divided by 33.
28
Calculate the remainder when 2392003 is divided by 1045.
1043
What is the remainder when 196394 is divided by 139?
126
Calculate the remainder when 23502 is divided by 23283.
219
What is the remainder when 42750 is divided by 460?
430
Calculate the remainder when 95766 is divided by 4787.
26
Calculate the remainder when 401544 is divided by 344.
96
What is the remainder when 1151244 is divided by 635?
624
Calculate the remainder when 418 is divided by 300.
118
Calculate the remainder when 12336 is divided by 6150.
36
What is the remainder when 48507 is divided by 127?
120
What is the remainder when 475 is divided by 232?
11
Calculate the remainder when 72145 is divided by 370.
365
What is the remainder when 24589 is divided by 6146?
5
What is the remainder when 3973605 is divided by 229?
226
Calculate the remainder when 25853 is divided by 23.
1
What is the remainder when 685 is divided by 21?
13
What is the remainder when 102560 is divided by 384?
32
What is the remainder when 92454 is divided by 23112?
6
What is the remainder when 689686 is divided by 72?
70
Calculate the remainder when 1788656 is divided by 39.
38
What is the remainder when 2379 is divided by 214?
25
Calculate the remainder when 87367 is divided by 1016.
1007
Calculate the remainder when 7419 is divided by 14.
13
What is the remainder when 3038 is divided by 383?
357
What is the remainder when 1867 is divided by 1184?
683
What is the remainder when 36284 is divided by 9069?
8
Calculate the remainder when 44964 is divided by 2498.
0
Calculate the remainder when 349887 is divided by 214.
211
What is the remainder when 60474 is divided by 1209?
24
What 